 = g**3 - 5*g**2 - 6*g + 2. Let f be t(x). Let u = f - -53. What is the remainder when u is divided by 13?
12
Let y(w) = w**2 - 8*w - 14. What is the remainder when y(10) is divided by 3?
0
What is the remainder when 60 + (3 - -9)/(-4) is divided by 12?
9
Calculate the remainder when (-62)/(0 + (-5 - -3)) is divided by 9.
4
Let c = 22 + -31. Let k = 28 + c. What is the remainder when k is divided by (26 + 4)/3 - (0 + 0)?
9
Let l(p) = p**3 - 7*p**2 - 2*p - 19. Calculate the remainder when l(9) is divided by 16.
13
Suppose 128 = 4*a + u, 5*a + 2*u = 3*u + 160. What is the remainder when 158 is divided by a?
30
Suppose 5*w + 0 - 2 = 3*d, -2*w = 5*d - 7. Let b(y) = 13*y**3 + y**2 - y. Calculate the remainder when 38 is divided by b(w).
12
Suppose -2*i + 2 = 6. Let c(u) = -15*u + 2. Let f = 69 + -52. Calculate the remainder when c(i) is divided by f.
15
Let k be (7/2)/7*228. Suppose -2*p + k = 5*v, -p + v + 39 = -4. Calculate the remainder when p is divided by 16.
15
Let y(w) = -w + 5. Let c(j) = 3*j - 14. Let t(n) = 4*c(n) + 11*y(n). What is the remainder when 5 is divided by t(5)?
1
Suppose -2*h + 5*f = -3*h + 16, -3*f = -4*h + 179. Calculate the remainder when h is divided by 11.
8
Suppose -40 = -4*v - 4*x, -9 = 2*v + 3*x - 25. What is the remainder when 40 is divided by v?
12
Suppose -2*f = f - 750. What is the remainder when f is divided by 42?
40
Suppose -16*d + 12*d + 92 = 0. Calculate the remainder when d is divided by 4.
3
Let n(i) = -i**2 + 9*i - 10. Let l be n(8). Calculate the remainder when (15/6 + l)*136 is divided by 14.
12
Let a be ((-6)/(-18))/((-1)/3). Let h = 56 - 3. Calculate the remainder when h is divided by 142/8 - a/4.
17
Let s(t) = 77*t - 3. Calculate the remainder when s(2) is divided by 38.
37
Suppose -4*g = 4*m - 68, -2*g + 34 + 18 = 3*m. Calculate the remainder when 12/m - (-98)/6 is divided by 9.
8
Let u = 54 - 99. Calculate the remainder when 26 is divided by ((-6)/(-5))/((-6)/u).
8
Suppose 4*b + 32 = -5*h + 182, -5*b = -5*h - 165. What is the remainder when b is divided by 12?
11
Let n(u) = -u - 5. Let r be n(-4). Let b = 7 - 4. What is the remainder when 5 is divided by (0/b - r)*3?
2
Suppose -2*t + 3*t = 0. Suppose j + r - 23 = t, -5*r + 11 = -j + 52. What is the remainder when j is divided by 9?
8
Suppose 4*u - 78 = 18. What is the remainder when 94 is divided by u?
22
Let r = -3 - -5. Let j(t) = -t - 3*t - 2*t + 3*t - 6 + t**r. What is the remainder when j(5) is divided by 2?
0
Let u(a) = -a**3 + 23*a**2 + 10. What is the remainder when 19 is divided by u(23)?
9
Let r be (-1 + 1 - -2)/(-2). What is the remainder when (-3 + r)/(12/(-222)) is divided by 19?
17
Suppose 5*q = -s + 54, q + 3*s + 10 = 32. Let n = 112 + -95. Calculate the remainder when n is divided by q.
7
What is the remainder when ((-132)/(-16) - -5) + (-1)/4 is divided by 9?
4
Suppose 3*h - 4*h + 3*d + 26 = 0, -d = 5*h - 98. What is the remainder when 77 is divided by h?
17
Calculate the remainder when (-36)/45*(-440)/4 is divided by 30.
28
Let g(u) = 3*u - 7. Let i(o) = 8*o - 20. Let p(q) = 14*g(q) - 5*i(q). What is the remainder when 47 is divided by p(5)?
11
Suppose 0 = -3*l - 6, l = 2*n - 28 + 2. Let f(z) = z**2 + 5*z - 2. What is the remainder when f(4) is divided by n?
10
Suppose -8*i + 3*i = -140. Let u(y) = -y**3 + 5*y**2 - 4*y + 10. What is the remainder when i is divided by u(4)?
8
Suppose -4*t - w + 12 = 0, -3*w + 14 = -0*t + t. Suppose 2 = y - 3. What is the remainder when t*(1 - 21/(-6)) is divided by y?
4
Suppose q + 7 - 16 = 0. Calculate the remainder when 32 is divided by q.
5
Suppose 0 = 3*a - 9, -2*t + 239 = 2*t - 3*a. Calculate the remainder when 309 is divided by t.
61
Suppose -782 = 14*y - 2392. Calculate the remainder when y is divided by 17.
13
Suppose 0 = 5*f - 0*f + t - 752, 3*f + 2*t = 447. Let d = -93 + f. What is the remainder when d is divided by 20?
18
Let c be (-1 - -18)*(-1 + -2). Let s = -32 - c. What is the remainder when s is divided by 7?
5
Let g = 110 + -56. Let p = 299 + -285. Calculate the remainder when g is divided by p.
12
Suppose -4*p - 28 = -0*p. Let z(s) = s**3 + 7*s**2 - s. Calculate the remainder when 11 is divided by z(p).
4
Let l be (-10)/2*(3 - 2). What is the remainder when (-1 - 5)*4/(-6) is divided by (4/l)/(4/(-10))?
0
Let d(z) = 2*z + 6. What is the remainder when d(8) is divided by (-4 - -1) + 14 - 3?
6
Suppose 5*w - 108 = 2*w. Suppose -3*n = n - w. Calculate the remainder when 2/8 + 126/8 is divided by n.
7
Suppose -326 = 4*c - 2*s, 2*s + 78 = -5*c - 352. Let r = c + 143. What is the remainder when r is divided by 31?
28
Let t = -6 - -8. What is the remainder when 10 is divided by -9*(t + (-24)/9)?
4
Let b = -4 + 7. Suppose m + b*m = 24. Calculate the remainder when 11 is divided by m.
5
Let b(a) = -a**3 - 7*a**2 + 7. Let y = 31 - 11. What is the remainder when y is divided by b(-7)?
6
What is the remainder when 20/(-70) - 606/(-14) is divided by 22?
21
Let p(k) = -2*k**2 + 3*k. Let g be p(6). Calculate the remainder when 71 is divided by (-7)/(14/g) + -3.
23
Suppose -5*k = -4*b + 13, -2*k - 26 = 5*b - 1. Let a(v) = -4*v + 2. Let j(m) = 10*m - 4. What is the remainder when j(3) is divided by a(b)?
12
Suppose -27*f + 14*f = -325. Suppose -2*q + 27 - 9 = 5*k, 0 = k - 3*q + 10. Suppose -k*c - 42 = -5*c. What is the remainder when f is divided by c?
11
Let y be (2/(-4))/(1/8). Let w(j) = j**3 + 4*j**2 - j - 2. Calculate the remainder when 2 is divided by w(y).
0
Let x = 53 - 37. What is the remainder when 53 is divided by 248/14 + x/56?
17
Suppose 0 - 259 = -7*n. Suppose 21 = c - 2*f + 2, 0 = -4*c + 3*f + 76. What is the remainder when n is divided by c?
18
Let n(v) = v**3 - 9*v**2 + 9*v + 5. Calculate the remainder when (8/6)/(6/171) is divided by n(8).
12
Suppose 0 = 4*x + 18 - 2. What is the remainder when 546/x*(-10)/15 is divided by 23?
22
Let h = -22 - 48. Calculate the remainder when 3*-2*h/6 is divided by 18.
16
Let m = 47 - 28. Let p be 4/(-18) + (-4)/(-18). What is the remainder when m is divided by p/1 + -1 + 8?
5
Let w = -35 + 74. Let h(a) = -a**2 - a - 2. Let x be h(0). Let b(u) = 4*u**2 - u + 2. Calculate the remainder when w is divided by b(x).
19
What is the remainder when 18 is divided by 3/(-5) + (-418)/(-55)?
4
Let i(u) = u**2 - 10*u - 11. Let g be i(11). Suppose g = 2*s - 7 - 1. Suppose -c = 5*k - 5, 3*k - s - 34 = -2*c. What is the remainder when c is divided by 13?
12
Let q = -16 + 19. What is the remainder when 3 is divided by q?
0
Let k = 0 + 0. Suppose -5*n + b - 35 = k, -n + b + 21 = -3*n. Let d = 6 - n. What is the remainder when 27 is divided by d?
13
Suppose -5*p + 4*p = -1, 2*z = -3*p + 79. What is the remainder when z is divided by 21?
17
Suppose 4*a + 4*h - 217 = -41, 0 = -5*a - 3*h + 216. Calculate the remainder when a is divided by 15.
12
What is the remainder when 1/(-2) + 3*(-119)/(-42) is divided by 2?
0
Suppose -2*u = -2*j - 22, -2*u + 3*j + 44 - 18 = 0. Let p(r) = r**3 + r**2 - r + 34. Calculate the remainder when p(0) is divided by u.
6
Suppose 0 = w - 11 + 1. What is the remainder when w is divided by 3?
1
Suppose -4*s - 5 = 3*m, 2*m + 5*s = -0*m - 15. What is the remainder when 21 is divided by (m + 3)/(2/2)?
5
Calculate the remainder when 131 is divided by (6/3)/((-12)/(-198))*1.
32
Suppose -65 = -3*f - h + 2, 105 = 5*f - 5*h. Calculate the remainder when 87 is divided by f.
21
Suppose -7*m = -2*m + 2*l - 20, -5*m + l = -35. Let h = 17 - 11. Suppose 0*g = h*g - 132. What is the remainder when g is divided by m?
4
Suppose 23 + 65 = 4*d. Suppose 4*t - 5*h + 13 = -0*h, t + 5*h = 28. Let o = 5 + t. What is the remainder when d is divided by o?
6
Suppose 4*f = 1 + 27. What is the remainder when 26 is divided by f?
5
Let z(l) = -l**3 + 10*l**2 - 4*l - 1. Calculate the remainder when z(8) is divided by 9.
5
Let s(f) = -15*f + 5. Let x be s(-5). Suppose 0*o = g + 4*o - 36, -2*g + x = 4*o. Calculate the remainder when g is divided by (3/2)/((-3)/(-30)).
14
Calculate the remainder when ((-888)/(-10))/4 + (-3)/15 is divided by 12.
10
Let b(t) = 6*t - 2*t - 5*t. Let a(w) = w. Let j(o) = -6*a(o) - 13*b(o). Calculate the remainder when j(1) is divided by 4.
3
Let r = -21 + 44. Calculate the remainder when 45 is divided by r.
22
Let n(k) = 11*k**2 + 2*k - 2. What i